20 + -13 + (-3 - -9)))
3
(-83 - -22) + 41 + (-35 - 0)
-55
-2 + (2 - (-1 + (15 - 25)))
11
-3 + (-10 - 1) + -9 - (23 - 19)
-27
What is the value of -29 - (-23 - (-26 + 23)) - (0 + 55) - -4?
-60
Evaluate -47 + -13 + (5 - (3 + -10)).
-48
393 - 406 - (-2 + -9 + -3) - 51
-50
What is the value of 34 + -98 - (23 - 31)?
-56
What is the value of 146 + (-18 - 56) - 49?
23
What is -136 + 65 + 10 + 20?
-41
Calculate 4 - 12 - (0 - (-8 + (1 - -6))).
-9
Evaluate -72 + (23 - 6) - -46.
-9
Calculate -3881 + 4001 + -2 + -109.
9
-103 + -21 + (-29 - -56) + -15
-112
Calculate 77 + -19 + 71 + -110.
19
Calculate 54 + (53 - 47) + -38.
22
Evaluate -43 + 56 + -27 - 28.
-42
What is the value of (5 - ((-5 - 33) + 10)) + (28 - 25)?
36
Calculate (93 - 7 - 227) + 275.
134
What is the value of 17 + 9 + (-8 - 6) + (4 - 0) + 61?
77
Calculate -18 + -31 - (74 - 70).
-53
1 + 80 + (1076 - 1057)
100
Calculate (9 - 0) + (-53 - (-52 - -14)) + 0 + 38.
32
What is the value of (0 - 2 - -21) + 1838 + -1868?
-11
What is -7 + 1 + (-1212 - -1208) + 34?
24
What is the value of 20 + -23 - ((11 - -17) + 0 + 3 + -7)?
-27
What is -20 - (-73 + 119 + -45)?
-21
Calculate 16 + 25 + 37 + -64.
14
Evaluate 235 + -123 + (-68 - 50).
-6
52 + 22 + -2 + -20 + -26
26
What is the value of (-3 - (1 + -5)) + 13 - (-106 - -169)?
-49
Calculate 36 + -6 + (47 - 24) + 8.
61
What is -5 + (85 + -40 - 52) + (2 - 3) + -16?
-29
What is the value of -42 - -138 - (13 - (9 - 9)) - (-1 - -7)?
77
What is the value of 73 + -14 + -5 + 2 + -24?
32
-89 - (-475 - -268) - (0 - -3)
115
(-2 - (42 + 17)) + 8 - -10
-43
(1 - (46 - 28)) + 33 + -1
15
Calculate (2 - (1 - -1 - -4)) + -72 + (128 - 77).
-25
What is -152 - (-34 + -202 - -112)?
-28
Evaluate (222 - 119) + (-64 - -1).
40
Evaluate -13 - -24 - (11 + (-1 - 7)).
8
What is (19 - (118 + -18) - 8 - -19) + -9?
-79
0 + 27 + -92 + -61 + 173
47
What is the value of 56 - (70 + -29) - (2 + -6 - 6)?
25
32 + -6 - 47 - 8
-29
What is (-56 + 58 + (4 - -13) - 11) + 43?
51
-1 - 4 - (-501 + 490) - -12
18
What is the value of 151 + -165 - (-3 - (2 + -6))?
-15
What is the value of 27 - (-12 - -59 - 25) - (-1 + 15)?
-9
-5 - (-54 + (8 + 7 - 3))
37
What is -20 + 1 - (139 - 103 - (160 + 1))?
106
-13 + (0 - -32) + 280 + -257
42
Calculate 3 + -46 - (-997 - -1009).
-55
(-31 - -2) + 433 + -420
-16
Evaluate (-32 - 26) + 9 + (2 - (0 - 0)) - 0.
-47
(368 - 364) + (-1 + -7 + 65 - -7)
68
Calculate -35 + (283 - 281 - (-4 + -9)).
-20
Calculate -254 + 285 - (15 + 8 - 3).
11
-7 - -29 - (42 + 43) - -22
-41
Evaluate 113 + (-282 + 108 - -75).
14
What is -1 - (1 - -1) - (-56 - (-133 + 51))?
-29
Calculate (-126 - -73 - -19) + 25.
-9
What is the value of (-5 - (-17 - -18 - 12)) + -8 + -92?
-94
Evaluate 15 + -19 + -1 + 21 - 21.
-5
Evaluate (-3 - -4) + 27 + (7 - (2 + -7)).
40
Evaluate 12 + -2 + 1 - (-162 - (-350 + 190)).
13
4 + (-1 - 0) + 48 + -48 - (-18 + 80)
-59
What is -10 - -24 - (17 - 2) - (18 - (1 + -1))?
-19
What is the value of -10 - (10 - 16) - (15 + -4 - 1)?
-14
What is -21 + (-1 - -1) + 89 + (-89 - -81)?
60
What is the value of -69 + 106 + -31 + 28?
34
Calculate 4 + -40 + (-49 - -38).
-47
Calculate -133 + 19 + -18 - -255.
123
Evaluate -38 + 43 + (-4 + 39 - 99).
-59
What is the value of 222 + 7 + -129 + -64?
36
Evaluate 210 + -216 - ((-6 - -13) + 7).
-20
Evaluate -80 + 51 + 15 + 8.
-6
What is the value of 2460 + -2513 - (-3 + -65)?
15
What is 2984 - 3057 - (-3 - -57)?
-127
What is the value of -53 + (53 - 33 - 9) + 52?
10
Evaluate (-17 - (8 - (4 + 5) - 9) - 30) + -8.
-45
What is the value of -50 + (-118 - -72) + 120?
24
What is 73 + 0 + (54 - (-208 + 250))?
85
Calculate -498 - -499 - (-19 + 2).
18
(93 - 0) + (7 + 31 + -9 - 5 - 10)
107
Calculate 73 + -162 - (-254 + 81).
84
-31 + 13 + (11 - (34 + 3 + -12))
-32
What is the value of -4 + -65 + (0 - 16 - (6 + 110 + -147))?
-54
Evaluate -4 + -69 + 40 - -32.
-1
What is -18 - (31 - 13 - 6)?
-30
What is the value of -271 - -270 - (0 + 3 + -21)?
17
What is the value of (47 - (50 - 13)) + -27?
-17
71 + -47 - (2 - (-6 + -1))
15
Evaluate 59 + 3 + 3 - (-6 + 13 - 12).
70
Calculate -100 - ((32 - 31) + 18) - -38.
-81
Calculate -12 + 0 + -3 + -29 + 8.
-36
Evaluate (109 + -81 - -82) + -118.
-8
-18 + 12 + (1 - 3) + -345 + 354
1
(4 - -43) + (373 - 410)
10
-3 - -1 - (21 + -10 + -43) - 12
18
-13 - (-4 + 16 + (0 - (18 - 2)))
-9
Calculate (41 + -53 - (-50 + 2)) + 1 + 12.
49
What is (0 - -12) + (0 - -28 - (-473 - -470))?
43
Evaluate -24 - -5 - (-10 + 17 + 6).
-32
What is the value of (-14 - (-33 - (-42 - -23))) + -33 + 2?
-31
Calculate -95 + (-9 - (-4 + -12 - (-66 - -60))).
-94
What is the value of 12 - -39 - (30 - 47 - (-3 + -1 + -8))?
56
-1 + -3 + (49 - -2) + -1 + 62 + -67
41
-60 - ((2 + -9 - -10) + -2)
-61
Calculate -1 + 5 + -6 + 6 + 40 - (-66 + 64).
46
What is 143 + -40 + 53 + -246?
-90
Calculate (-56 - (24 + -89)) + 26.
35
Evaluate (-56 - -1) + (10 - (-50 + 111)) + 44.
-62
Calculate (-27 - 1) + 0 - (23 - -60 - 76).
-35
What is 14 + -2 + 6 + -11 + -58 + 64?
13
What is 14 - (223 + -232 + (71 - 1))?
-47
Calculate -8 - (14 - 47) - (-2 - (0 - -2 - 4)).
25
Evaluate -11 - 0 - (11 + 5 + 26 + -1 + -6).
-46
(-1990 - -1955) + (17 - -1)
-17
What is 2 - 61 - (-119 - -144) - (2 - 2 - -3)?
-87
What is the value of -38 + (-58 - -6) - -146?
56
95 - (-8 - (-73 + 76 + (-2 + 5 - 4)))
105
What is (21 - 1) + 1 + 177 + -238 + 20?
-20
-1 + -2 + (-3 - 3 - 10)
-19
Calculate -62 + 96 + 84 + -94.
24
What is 1 - -15 - (7 - (11 + (-5 + -4 - -10)))?
21
4 + (-9 - ((-13 - -47) + -18))
-21
-10 + 43 - -85 - -27 - 8
137
What is the value of 28 - (-2 + (-4 + -4 - 0) + 2 - -6)?
30
What is the value of -18 - (-42 + -8 + 27) - 69?
-64
What is the value of -13 - (6 - (3 - (7 + -18))) - -50?
45
What is the value of 24 - (-26 + (1 - -1) - (-8857 + 8847))?
38
Calculate (20549 - 20546) + (33 - 0).
36
What is the value of -6 - (-73 - -77 - ((-4 - (3 + -8)) + -76))?
-85
What is the value of 28 + 2 - (-72 - -58 - -31)?
13
Calculate 13 + (-8 - -6) + 5 - 16.
0
Evaluate (-3140 - -3080) + 2 + -2.
-60
What is 7 + -53 + (-49 - -168)?
73
Evaluate 20 - (105 + (-17 - 38)).
-30
Calculate -1 + 12 + -1305 + 1342 + -47 + 2.
3
4 + 12 + -1 - (9 + (-11 + 21 - 8))
4
Evaluate -13 - (-149 - (-97 - -42)).
81
What is the value of 117 + (-104 - -62 - 61)?
14
What is 79 + (0 + 2 - (22 - 10 - 5) - -12)?
86
Evaluate -2 + (-9 - (-6 - 7)) + (13 - -15) + -119.
-89
What is the value of (30 - (8 + 47)) + 69?
44
Calculate -123 - (-111 + (-71 - 11)).
70
What is -29 + 7 + (-42 - -66) - (2 + -28)?
28
Evaluate 20 - (24 - ((10 - (-5 - -7)) + 2)).
6
(-27 - 1) + -81 + (120 - -36)
47
(-58 + 5 - -4) + (-15 - -10) + 14
-40
(-258 - -274) + (17 - 1)
32
What is -16 + (88 - 84) - (13 + -8)?
-17
Calculate 52 + 43 + (-206 - -99).
-12
What is -10 + -47 - (228 + -266)?
-19
Calculate (6 - (-21 + 3 - 12)) + (-1 - 9).
26
What is 0 - -60 - (112 + -146 - -61)?
33
Calculate -7584 + 7599 - (-102 - 0).
117
What is -1 - 33 - (1689 - 1743)?
20
Calculate -4 - (-6 + (-45 + 39 - (7 - 4))).
11
What is -5 + ((3 - 1) + 17 - (12 - (-90 - -91)))?
3
What is the value of 24 + 40 + -5 + 74?
133
What is (17 - 35) + 16 + 15 + (-2 - -1)?
12
What is the value of (-6 - -36) + (-131 - (80 + -87))?
-94
What is the value of 9 + -55 - (207 - 309)?
56
What is 0 + 2 - (2 + -57) - (9 + (-7 - -2))?
53
Evaluate 170 + 43 + (-145 - 0).
68
What is the value of (-40 - -181) + -50 - (3 + 1 - (-13 - -5))?
79
Calculate (-25 - -50) + (218 - 201).
42
What is the value of (-9 - (0 + 0)) + (9 - 4) + -1 + 32?
27
What is the value of -2 - (-3 + (28 - 22) + (-42 - 0))?
37
What is the value of (322 - 256) + (28 - 40)?
54
What is -11 + 1 + -3 + 5 + -4 + 3 + 1?
-8
What is the value of 37 + (-110 - -67) - 55?
-61
Evaluate (54 - -1) + (-241 - -56) + 172.
42
What is (44 - ((40 - -35) + -38)) + (-13 - 1)?
-7
What is 8 - 7 - -7 - (-595 - -627)?
-24
Calculate (-32 + 10 + 43 - 23) + -10.
-12
What is the value of -6 + (-12 + (-107 - (-15 + 28 + -17)) - -16)?
-105
-38 - (-68 - -89) - (1 - 19)
-41
What is the value of 11 + (-19 - -14 - 2)?
4
3 + (0 - (7 - 0)) - (9 - 15)
2
What is (-5 - -163) + -143 - 23?
-8
What is the value of (15 - -1 - (559 - 564)) + 6 + -2?
25
Calculate -45 - (-49 - (-43 - -61)).
22
What is the value of 17 + (-1 - (-9 + (10 - -13))) - (-1 - 21)?
24
Evaluate 133 - 2 - (0 - 2 - (123 + -80 - 35)).
141
Evaluate -9 + -12 - (-